se -4*f = -2*s - n*f + 99, -s + 72 = -5*f. Calculate the remainder when s is divided by 13.
8
Let z(t) be the first derivative of t**4/4 - 2*t**3/3 + 30*t + 12. Calculate the remainder when 111 is divided by z(0).
21
Suppose 0 = q - 0*q - 4*t - 8, -4*q + 8 = -4*t. Let v(n) be the third derivative of -n**4/24 + 5*n**3 + n**2. What is the remainder when v(q) is divided by 16?
14
Let w(z) = -z**2 - 5*z + 10. Let i be w(-5). Let f(x) = x - 6. What is the remainder when 8 is divided by f(i)?
0
Let q(f) = -f**3 + 27*f**2 - 25*f - 14. What is the remainder when 323 is divided by q(26)?
11
Let m = 32 + -26. Suppose m*f - 5*f = 2. What is the remainder when 5 is divided by f?
1
Let n(g) = g**3 - 2*g**2 - 7*g + 5. Let p be n(7). Suppose 4*r + 2*m - 3*m = p, -249 = -5*r - m. Calculate the remainder when r is divided by 13.
11
Let k = -230 + 271. What is the remainder when 152 is divided by k?
29
Let n = 13 - 8. Suppose -n*z + 2*f = -161 + 58, 3*z = 2*f + 61. Calculate the remainder when z is divided by 14.
7
Suppose -5*p - 51 = -241. Suppose -2*v = 3*i + 38, -i - p = 2*v + 3*i. What is the remainder when (v + 0)*(0 - 1) is divided by 7?
5
Let k(s) = -7*s - 104. Calculate the remainder when 38 is divided by k(-16).
6
What is the remainder when -2 + 5 - 90/(-2) is divided by 10?
8
Suppose 3*b + 6 = -3*s, 5*s - 2*b = -b - 10. Let n = 24 - s. What is the remainder when 8/(-4) + 1/(1/79) is divided by n?
25
Suppose -24*d + 762 = 186. Calculate the remainder when d is divided by 9.
6
Suppose -5 = -3*d + 13. Suppose 0 = -d*b + b + 25. Let q(i) = 4*i + 1. Calculate the remainder when q(2) is divided by b.
4
Suppose -113*t + 70376 = -37*t. What is the remainder when t is divided by 32?
30
Suppose 4*l - 9 = 5*l. Let b(q) = -2*q**3 - 18*q**2 - 11*q + 5. Calculate the remainder when b(l) is divided by 35.
34
Let a = 346 + 93. Calculate the remainder when a is divided by 55.
54
What is the remainder when 47 is divided by (-26)/(7 + 1 + -9)?
21
Suppose 4*a - 18 = -i, -3*a - i - i = -16. Let x = -17 - -31. Let v = a + x. What is the remainder when 33 is divided by v?
15
Let i = 56 - 56. Suppose -5*a + 149 = -2*v - 2*v, 4*a - 3*v - 119 = i. What is the remainder when 111 is divided by a?
24
What is the remainder when (-3)/4 - 27189/(-108) is divided by 42?
41
Calculate the remainder when (94*-1)/(97/(-194)) is divided by 27.
26
Suppose 28*x + 288 = 1240. Calculate the remainder when 122 is divided by x.
20
Suppose 195 = 4*c + 63. Calculate the remainder when 20293/156 + 2/(-24) is divided by c.
31
Suppose 18 = 3*i - 27. What is the remainder when 101 is divided by i?
11
Let r(m) = -7*m**2 - 16*m + 25. Let x(p) = -13*p**2 - 32*p + 49. Let b(v) = -11*r(v) + 6*x(v). Calculate the remainder when b(-16) is divided by 8.
3
Suppose 0 = -5*a - b + 2*b + 25, -4*b - 10 = -2*a. Let x = 47 + -33. Calculate the remainder when x is divided by a.
4
Suppose 52*w = 60*w - 200. What is the remainder when w is divided by 10?
5
Let v = 3361 - 3326. What is the remainder when v is divided by (-25)/(-2) - (-3)/(-6)?
11
Let d(p) = -13*p + 624. Calculate the remainder when 1*101 + 16/8 is divided by d(46).
25
Let p = -14 + 9. Let w be 597/15 - 1/p. Suppose -w = t - 3*t. Calculate the remainder when 59 is divided by t.
19
Let y = 1211 - 762. Suppose 5*h - 383 - 61 = x, 5*h + 4*x = y. What is the remainder when h is divided by 23?
20
Suppose 0 = -5*i + 35 + 15. Calculate the remainder when 79 is divided by i.
9
Let t = -3 + 0. Let b = 136 + -78. What is the remainder when b is divided by (-4 - t)*20/(-1)?
18
Suppose 0 = -j + 32 - 56. Calculate the remainder when (-329)/(-4) - (-6 + (-150)/j) is divided by 21.
19
Suppose 0 = 2*l + 4*s - 670, -656 = -2*l - 10*s + 13*s. Calculate the remainder when l is divided by 24.
19
What is the remainder when (1290/(-10))/(-3 + (-63)/(-24)) is divided by 35?
29
Let z(q) = -2*q**2 + 19*q + 27. Let x(l) = -l**2 + 13*l + 18. Let p(f) = 7*x(f) - 5*z(f). What is the remainder when p(-3) is divided by 12?
6
Suppose -3*j + 82 - 343 = -4*x, 15 = -5*j. What is the remainder when x is divided by 4?
3
Let x(g) be the third derivative of -11*g**4/24 - 4*g**3/3 + 2*g**2. Calculate the remainder when 68 is divided by x(-2).
12
Suppose -610 = -9*x - 34. Let r = -62 + x. Calculate the remainder when 8 is divided by r.
0
Suppose 0 = 8*z - 3*z - 45. What is the remainder when 1/8 - (-6174)/144 is divided by z?
7
Let s(l) = -21*l**2 + l - 1. Let u(i) = -41*i**2 + 3*i - 3. Let g(o) = -5*s(o) + 2*u(o). Calculate the remainder when g(1) is divided by 6.
5
Suppose -30*r = -5*h - 31*r + 140, -4*r - 78 = -2*h. What is the remainder when 114 is divided by h?
27
Let b(n) = n**3 + 5*n**2 + 2. Let l be b(-3). Let c = l - 10. Let q = 35 - -3. What is the remainder when q is divided by c?
8
Let u(b) = -19*b**3 + b**2 - b - 1. Let p = -10 + 9. Calculate the remainder when 96 is divided by u(p).
16
Let y = 640 - 218. What is the remainder when y is divided by 9?
8
Let m(f) = f + 1. Let l be m(-1). Suppose -3*r + 4*r - 14 = l. Suppose q - s - r - 1 = 0, 0 = q + 3*s + 1. What is the remainder when 20 is divided by q?
9
Let x be (-8 + 5)/(3/(-5)). Let v(m) = m**2 - 2*m. What is the remainder when v(x) is divided by (0 + -4)/(10/(-20))?
7
Suppose -11*r - 25 = -16*r. Suppose d = 74 - r. What is the remainder when d is divided by 7?
6
Let c = -13 + 25. Suppose 17*g - 22*g - 145 = -5*p, 0 = -3*p - 5*g + 127. Calculate the remainder when p is divided by c.
10
Let z be 6*50/3 + 1. Let b = z + -70. Let s(k) = -61*k - 1. What is the remainder when s(-1) is divided by b?
29
Suppose 5*h + 2*g = 168, -2*h + 5*g = -h - 39. Suppose -2*r = o + 61, -144 = 3*o + 2*r + 55. Let t = o - -81. Calculate the remainder when h is divided by t.
10
Suppose 4*o = 5*r + 321, 4*r + 235 + 155 = 5*o. Let q = o + -54. Calculate the remainder when ((-4)/(-8))/((-2)/(-156)) is divided by q.
19
Let s(v) = 7*v**2 + 7*v - 18. Calculate the remainder when s(-6) is divided by 52.
36
Calculate the remainder when (10/4)/((-118)/(-8732)) is divided by 31.
30
Let z = 10 + -12. Let f be 680/30 - z/(-3). Suppose 3*q + g - f = 0, -2*g - 19 = -q - 0*q. What is the remainder when 33 is divided by q?
6
Let f = 5 + 16. Suppose -2*o + 13 + 3 = 0. What is the remainder when f is divided by (0 + o + -12)*11/(-4)?
10
Suppose -13*r = -21*r + 72. Suppose -2*k = 2*k + 32. Calculate the remainder when (-20)/6*36/k is divided by r.
6
Let o = -799 + 1182. Let p = o + -245. What is the remainder when p is divided by 35?
33
Let v(f) = 3*f**3 - 22*f**2 + 9*f + 9. What is the remainder when 68 is divided by v(7)?
22
Let k be (-1)/(-2) + (-4983)/(-22). Let q = -125 + k. Calculate the remainder when q is divided by 26.
24
Let i = -4 + 10. Suppose -i*b = -5*b - 53. Suppose x - 6*j - 12 = -5*j, 3*j + b = 4*x. Calculate the remainder when 49 is divided by x.
15
Suppose 5*t - 2*t - 6 = 0. Suppose 2*c - 5*g + 3 = 0, -t*c - 3*g = c - 48. Calculate the remainder when 47 is divided by (-2)/((44/(-48))/c).
23
Calculate the remainder when 2/28*4 - 32700/(-210) is divided by 32.
28
Suppose 2*x + 3*x = 35. Let h = 3 - 11. What is the remainder when (h/5)/((-8)/60) is divided by x?
5
Suppose 3225 - 885 = 39*i. Calculate the remainder when 66 is divided by i.
6
Suppose 0 = 2*g - 5*i - 63, 19*g - 14*g + 5*i - 70 = 0. What is the remainder when 187 is divided by g?
16
Let x(z) = -z. Suppose -4*k = -4*u + 204, 0*u = -u - 4*k + 56. Suppose s - 43 = 5*d, -4*s + 0*d = 4*d - u. Calculate the remainder when s is divided by x(-10).
8
Let b = 552 + -532. What is the remainder when 259 is divided by b?
19
Suppose 2*x = -2*v + 26, -4*x + 4 = -v - 53. Suppose -n + x = -4. Suppose n = -0*k + 3*k. Calculate the remainder when 15 is divided by k.
3
Let m = 27 - 45. Let c = -16 - m. What is the remainder when 5 is divided by c?
1
Let x = 1010 + -1005. What is the remainder when 115 is divided by x?
0
Let m = -152 - -161. What is the remainder when 59 is divided by m?
5
Let n(s) = 2*s**3 - s**2 + 3*s - 1. Suppose -1 = -j + 1. What is the remainder when (12 + 6 + 280/(-16))*62 is divided by n(j)?
14
Suppose 10*v - 13*v = u - 32, -4*v + 34 = u. Calculate the remainder when 621 is divided by u.
23
Let s = -1000 + 1045. What is the remainder when s is divided by (-4)/(-2) - (2 - 16)?
13
Let